{"id":5212,"date":"2021-08-25T07:26:28","date_gmt":"2021-08-25T07:26:28","guid":{"rendered":"http:\/\/dummy.xtemos.com\/woodmart2\/?page_id=5212"},"modified":"2026-04-08T10:41:45","modified_gmt":"2026-04-08T10:41:45","slug":"hakkimizda","status":"publish","type":"page","link":"https:\/\/arviyadeluxe.com\/index.php\/hakkimizda\/","title":{"rendered":"Hakk\u0131m\u0131zda"},"content":{"rendered":"<div class=\"wpb-content-wrapper\"><p>[vc_row full_width=&#8221;stretch_row&#8221; woodmart_gradient_switch=&#8221;yes&#8221; css=&#8221;.vc_custom_1775644645065{margin-bottom: 80px !important;padding-top: 140px !important;padding-bottom: 140px !important;background: #161616 url(https:\/\/arviyadeluxe.com\/wp-content\/uploads\/2026\/04\/BG3-scaled.jpg?id=10665) !important;background-position: center !important;background-repeat: no-repeat !important;background-size: cover !important;}&#8221; woodmart_color_gradient=&#8221;rgba(0, 0, 0, 0.1)-0\/rgba(0, 0, 0, 0.1)-100\/|linear-gradient(left , rgba(0, 0, 0, 0.1) , rgba(0, 0, 0, 0.1) 100%)|linear|left&#8221; woodmart_css_id=&#8221;69d630d88edcc&#8221; responsive_spacing=&#8221;eyJwYXJhbV90eXBlIjoid29vZG1hcnRfcmVzcG9uc2l2ZV9zcGFjaW5nIiwic2VsZWN0b3JfaWQiOiI2OWQ2MzBkODhlZGNjIiwic2hvcnRjb2RlIjoidmNfcm93IiwiZGF0YSI6eyJ0YWJsZXQiOnt9LCJtb2JpbGUiOnsicGFkZGluZy10b3AiOiIxMDBweCIsInBhZGRpbmctYm90dG9tIjoiMTAwcHgifX19&#8243; mobile_bg_img_hidden=&#8221;no&#8221; tablet_bg_img_hidden=&#8221;no&#8221; woodmart_parallax=&#8221;0&#8243; row_reverse_mobile=&#8221;0&#8243; row_reverse_tablet=&#8221;0&#8243; woodmart_disable_overflow=&#8221;0&#8243; woodmart_box_shadow=&#8221;no&#8221; wd_z_index=&#8221;no&#8221;][vc_column width=&#8221;2\/3&#8243; offset=&#8221;vc_col-sm-offset-2&#8243; css=&#8221;.vc_custom_1627981307655{padding-top: 0px !important;}&#8221; woodmart_css_id=&#8221;610905f970b2f&#8221; responsive_spacing=&#8221;eyJwYXJhbV90eXBlIjoid29vZG1hcnRfcmVzcG9uc2l2ZV9zcGFjaW5nIiwic2VsZWN0b3JfaWQiOiI2MTA5MDVmOTcwYjJmIiwic2hvcnRjb2RlIjoidmNfY29sdW1uIiwiZGF0YSI6eyJ0YWJsZXQiOnt9LCJtb2JpbGUiOnt9fX0=&#8221; parallax_scroll=&#8221;no&#8221; mobile_bg_img_hidden=&#8221;no&#8221; tablet_bg_img_hidden=&#8221;no&#8221; woodmart_parallax=&#8221;0&#8243; woodmart_sticky_column=&#8221;false&#8221; mobile_reset_margin=&#8221;no&#8221; tablet_reset_margin=&#8221;no&#8221;]\n\t\t<div id=\"wd-69d62e4054dd7\" class=\"title-wrapper wd-wpb wd-set-mb reset-last-child  wd-rs-69d62e4054dd7 wd-title-color-white wd-title-style-default text-center  wd-width-custom wd-underline-colored\">\n\t\t\t\n\t\t\t<div class=\"liner-continer\">\n\t\t\t\t<h4 class=\"woodmart-title-container title  wd-font-weight- wd-fontsize-xxl\" >HAKKIMIZDA<\/h4>\n\t\t\t\t\t\t\t<\/div>\n\t\t\t\n\t\t\t\n\t\t\t\n\t\t<\/div>\n\t\t\n\t\t[\/vc_column][\/vc_row][vc_section full_width=&#8221;stretch_row&#8221; woodmart_bg_position=&#8221;center-center&#8221; css=&#8221;.vc_custom_1638368459606{margin-bottom: 80px !important;padding-top: 50px !important;background-image: url(https:\/\/arviyadeluxe.com\/wp-content\/uploads\/2026\/03\/jewellery-vertical-line-bg-left.png) !important;background-position: 0 0 !important;background-repeat: repeat !important;}&#8221; woodmart_css_id=&#8221;61a784c7dea9d&#8221; responsive_spacing=&#8221;eyJwYXJhbV90eXBlIjoid29vZG1hcnRfcmVzcG9uc2l2ZV9zcGFjaW5nIiwic2VsZWN0b3JfaWQiOiI2MWE3ODRjN2RlYTlkIiwic2hvcnRjb2RlIjoidmNfc2VjdGlvbiIsImRhdGEiOnsidGFibGV0Ijp7fSwibW9iaWxlIjp7fX19&#8243; mobile_bg_img_hidden=&#8221;yes&#8221; tablet_bg_img_hidden=&#8221;no&#8221; woodmart_parallax=&#8221;0&#8243; woodmart_gradient_switch=&#8221;no&#8221; woodmart_disable_overflow=&#8221;0&#8243; wd_z_index=&#8221;no&#8221; woodmart_box_shadow=&#8221;no&#8221;][vc_row full_width=&#8221;stretch_row&#8221; content_placement=&#8221;middle&#8221; woodmart_bg_position=&#8221;center-top&#8221; row_reverse_mobile=&#8221;1&#8243; woodmart_disable_overflow=&#8221;1&#8243; css=&#8221;.vc_custom_1628844420711{margin-bottom: 35px !important;background-image: url(https:\/\/arviyadeluxe.com\/wp-content\/uploads\/2026\/03\/jewellery-vertical-line-leftt-brown-bg.png) !important;background-position: 0 0 !important;background-repeat: no-repeat !important;}&#8221; woodmart_css_id=&#8221;61163181117be&#8221; responsive_spacing=&#8221;eyJwYXJhbV90eXBlIjoid29vZG1hcnRfcmVzcG9uc2l2ZV9zcGFjaW5nIiwic2VsZWN0b3JfaWQiOiI2MTE2MzE4MTExN2JlIiwic2hvcnRjb2RlIjoidmNfcm93IiwiZGF0YSI6eyJ0YWJsZXQiOnt9LCJtb2JpbGUiOnsibWFyZ2luLWJvdHRvbSI6IjIwIn19fQ==&#8221; mobile_bg_img_hidden=&#8221;no&#8221; tablet_bg_img_hidden=&#8221;no&#8221; woodmart_parallax=&#8221;0&#8243; woodmart_gradient_switch=&#8221;no&#8221; row_reverse_tablet=&#8221;0&#8243; wd_z_index=&#8221;no&#8221;][vc_column width=&#8221;1\/2&#8243; css=&#8221;.vc_custom_1628844429951{margin-right: -80px !important;margin-bottom: 40px !important;margin-left: 15px !important;padding-top: 35px !important;padding-right: 50px !important;padding-bottom: 20px !important;padding-left: 50px !important;background-color: #ffffff !important;}&#8221; offset=&#8221;vc_col-md-6&#8243; woodmart_css_id=&#8221;6116318badcb8&#8243; responsive_spacing=&#8221;eyJwYXJhbV90eXBlIjoid29vZG1hcnRfcmVzcG9uc2l2ZV9zcGFjaW5nIiwic2VsZWN0b3JfaWQiOiI2MTE2MzE4YmFkY2I4Iiwic2hvcnRjb2RlIjoidmNfY29sdW1uIiwiZGF0YSI6eyJ0YWJsZXQiOnt9LCJtb2JpbGUiOnt9fX0=&#8221; parallax_scroll=&#8221;no&#8221; mobile_bg_img_hidden=&#8221;no&#8221; tablet_bg_img_hidden=&#8221;no&#8221; woodmart_parallax=&#8221;0&#8243; woodmart_sticky_column=&#8221;false&#8221; mobile_reset_margin=&#8221;yes&#8221; tablet_reset_margin=&#8221;no&#8221; wd_z_index=&#8221;yes&#8221;]\t\t<div id=\"wd-69d035e65cdc8\" class=\"wd-text-block wd-wpb reset-last-child wd-rs-69d035e65cdc8 text-left vc_custom_1775252715475\">\n\t\t\t<p data-start=\"123\" data-end=\"433\">\u0130stanbul\u2019un huzurla bulu\u015ftu\u011fu noktada, \u00c7ekmek\u00f6y\u2019de konumlanan <strong data-start=\"185\" data-end=\"202\">Arviya Deluxe<\/strong>, konforu, zarafeti ve ayr\u0131cal\u0131\u011f\u0131 bir araya getiren se\u00e7kin bir ya\u015fam alan\u0131 sunar. Modern mimarisi, \u00f6zenle tasarlanm\u0131\u015f detaylar\u0131 ve \u00fcst segment hizmet anlay\u0131\u015f\u0131yla misafirlerine yaln\u0131zca bir konaklama de\u011fil, \u00f6zel bir deneyim vadeder.<\/p>\n<p data-start=\"435\" data-end=\"709\">Arviya Deluxe\u2019te her detay, misafirlerimizin beklentilerinin \u00f6tesine ge\u00e7mek i\u00e7in titizlikle d\u00fc\u015f\u00fcn\u00fclm\u00fc\u015ft\u00fcr. Sessizlik, estetik ve kaliteyi \u00f6n planda tutan yakla\u015f\u0131m\u0131m\u0131z sayesinde, \u015fehir hayat\u0131n\u0131n temposundan uzakla\u015f\u0131rken ayn\u0131 zamanda merkezi bir konumun avantaj\u0131n\u0131 ya\u015fars\u0131n\u0131z.<\/p>\n<p data-start=\"711\" data-end=\"899\">\u0130\u015f seyahatlerinden \u00f6zel konaklamalara kadar her an\u0131n\u0131z\u0131 ayr\u0131cal\u0131kl\u0131 k\u0131lmay\u0131 hedefleyen Arviya Deluxe, butik otel anlay\u0131\u015f\u0131n\u0131 l\u00fcksle harmanlayarak misafirlerine benzersiz bir atmosfer sunar.<\/p>\n\t\t<\/div>\n\t\t[vc_row_inner content_placement=&#8221;middle&#8221;][vc_column_inner offset=&#8221;vc_col-lg-6 vc_col-md-6 vc_col-xs-12&#8243; woodmart_css_id=&#8221;610bd09f9b696&#8243; responsive_spacing=&#8221;eyJwYXJhbV90eXBlIjoid29vZG1hcnRfcmVzcG9uc2l2ZV9zcGFjaW5nIiwic2VsZWN0b3JfaWQiOiI2MTBiZDA5ZjliNjk2Iiwic2hvcnRjb2RlIjoidmNfY29sdW1uX2lubmVyIiwiZGF0YSI6eyJ0YWJsZXQiOnt9LCJtb2JpbGUiOnt9fX0=&#8221;][\/vc_column_inner][vc_column_inner woodmart_text_align=&#8221;right&#8221; offset=&#8221;vc_col-lg-6 vc_col-md-6 vc_col-xs-12&#8243; woodmart_css_id=&#8221;610bd09b7651f&#8221; responsive_spacing=&#8221;eyJwYXJhbV90eXBlIjoid29vZG1hcnRfcmVzcG9uc2l2ZV9zcGFjaW5nIiwic2VsZWN0b3JfaWQiOiI2MTBiZDA5Yjc2NTFmIiwic2hvcnRjb2RlIjoidmNfY29sdW1uX2lubmVyIiwiZGF0YSI6eyJ0YWJsZXQiOnt9LCJtb2JpbGUiOnt9fX0=&#8221;]\t\t<div id=\"wd-69d036f59d85b\" class=\"wd-image wd-wpb inline-element wd-rs-69d036f59d85b text-right vc_custom_1775253010837\">\n\t\t\t\n\t\t\t<img loading=\"lazy\" decoding=\"async\" width=\"400\" height=\"85\" src=\"https:\/\/arviyadeluxe.com\/wp-content\/uploads\/2026\/04\/arviya-deluxe-yazi-400x85.png\" class=\"attachment-medium size-medium\" alt=\"\" srcset=\"https:\/\/arviyadeluxe.com\/wp-content\/uploads\/2026\/04\/arviya-deluxe-yazi-400x85.png 400w, https:\/\/arviyadeluxe.com\/wp-content\/uploads\/2026\/04\/arviya-deluxe-yazi-768x164.png 768w, https:\/\/arviyadeluxe.com\/wp-content\/uploads\/2026\/04\/arviya-deluxe-yazi.png 868w\" sizes=\"auto, (max-width: 400px) 100vw, 400px\" \/>\n\t\t\t\t\t<\/div>\n\t\t[\/vc_column_inner][\/vc_row_inner][\/vc_column][vc_column width=&#8221;1\/2&#8243; css=&#8221;.vc_custom_1628164243256{margin-bottom: 30px !important;padding-top: 0px !important;}&#8221; offset=&#8221;vc_col-md-6&#8243; woodmart_css_id=&#8221;610bd08d8fbfb&#8221; responsive_spacing=&#8221;eyJwYXJhbV90eXBlIjoid29vZG1hcnRfcmVzcG9uc2l2ZV9zcGFjaW5nIiwic2VsZWN0b3JfaWQiOiI2MTBiZDA4ZDhmYmZiIiwic2hvcnRjb2RlIjoidmNfY29sdW1uIiwiZGF0YSI6eyJ0YWJsZXQiOnt9LCJtb2JpbGUiOnt9fX0=&#8221; parallax_scroll=&#8221;no&#8221; mobile_bg_img_hidden=&#8221;no&#8221; tablet_bg_img_hidden=&#8221;no&#8221; woodmart_parallax=&#8221;0&#8243; woodmart_sticky_column=&#8221;false&#8221; mobile_reset_margin=&#8221;no&#8221; tablet_reset_margin=&#8221;no&#8221;]\t\t<div id=\"wd-69d03880888a0\" class=\"wd-image wd-wpb wd-rs-69d03880888a0 text-center vc_custom_1775253399949\">\n\t\t\t\n\t\t\t<img loading=\"lazy\" decoding=\"async\" width=\"800\" height=\"533\" src=\"https:\/\/arviyadeluxe.com\/wp-content\/uploads\/2026\/04\/hakkimizda.png\" class=\"attachment-full size-full\" alt=\"\" srcset=\"https:\/\/arviyadeluxe.com\/wp-content\/uploads\/2026\/04\/hakkimizda.png 800w, https:\/\/arviyadeluxe.com\/wp-content\/uploads\/2026\/04\/hakkimizda-400x267.png 400w, https:\/\/arviyadeluxe.com\/wp-content\/uploads\/2026\/04\/hakkimizda-768x512.png 768w\" sizes=\"auto, (max-width: 800px) 100vw, 800px\" \/>\n\t\t\t\t\t<\/div>\n\t\t[\/vc_column][\/vc_row][\/vc_section]<\/p>\n<\/div>","protected":false},"excerpt":{"rendered":"<p>[vc_row full_width=&#8221;stretch_row&#8221; woodmart_gradient_switch=&#8221;yes&#8221; css=&#8221;.vc_custom_1775644645065{margin-bottom: 80px !important;padding-top: 140px !important;padding-bottom: 140px !important;background: #161616 url(https:\/\/arviyadeluxe.com\/wp-content\/uploads\/2026\/04\/BG3-scaled.jpg?id=10665) !important;background-position: center !important;background-repeat: no-repeat !important;background-size: cover !important;}&#8221; woodmart_color_gradient=&#8221;rgba(0,<\/p>\n","protected":false},"author":1,"featured_media":0,"parent":0,"menu_order":0,"comment_status":"closed","ping_status":"closed","template":"","meta":{"footnotes":""},"class_list":["post-5212","page","type-page","status-publish","hentry"],"_links":{"self":[{"href":"https:\/\/arviyadeluxe.com\/index.php\/wp-json\/wp\/v2\/pages\/5212","targetHints":{"allow":["GET"]}}],"collection":[{"href":"https:\/\/arviyadeluxe.com\/index.php\/wp-json\/wp\/v2\/pages"}],"about":[{"href":"https:\/\/arviyadeluxe.com\/index.php\/wp-json\/wp\/v2\/types\/page"}],"author":[{"embeddable":true,"href":"https:\/\/arviyadeluxe.com\/index.php\/wp-json\/wp\/v2\/users\/1"}],"replies":[{"embeddable":true,"href":"https:\/\/arviyadeluxe.com\/index.php\/wp-json\/wp\/v2\/comments?post=5212"}],"version-history":[{"count":7,"href":"https:\/\/arviyadeluxe.com\/index.php\/wp-json\/wp\/v2\/pages\/5212\/revisions"}],"predecessor-version":[{"id":10668,"href":"https:\/\/arviyadeluxe.com\/index.php\/wp-json\/wp\/v2\/pages\/5212\/revisions\/10668"}],"wp:attachment":[{"href":"https:\/\/arviyadeluxe.com\/index.php\/wp-json\/wp\/v2\/media?parent=5212"}],"curies":[{"name":"wp","href":"https:\/\/api.w.org\/{rel}","templated":true}]}}